/(-3)))?
13
Suppose -8*r + 46 - 6 = 0. Suppose 0 = 4*x - r*z - 35 - 292, -4*x + 3*z = -321. Calculate the remainder when x is divided by 124/8 - 1/(-2).
14
Suppose 0 = -4*k + 2*k + 54. Suppose -2*h + 12 = 2, -2*h - k = -y. Suppose -6 - 14 = -q. Calculate the remainder when y is divided by q.
17
Suppose 24*l - 20*l - 12 = 0. Let y = 51 - l. Calculate the remainder when y is divided by 10.
8
Let h(l) = l**2 - 23*l - 33. What is the remainder when h(-24) is divided by 100?
95
Let b = -1161 + 1344. Calculate the remainder when b is divided by 64.
55
Calculate the remainder when 173 is divided by 2/(-3)*(-600)/16.
23
Let a be 10 + (1 - -2)/(-3). Suppose 0 = -5*c - 2*c + 28. Suppose -c*u + a*u - 160 = 0. Calculate the remainder when u is divided by 11.
10
Suppose 0 = 21*k - 38*k + 4828. Calculate the remainder when k is divided by 58.
52
Suppose -3*j + 23 + 31 = 0. Calculate the remainder when j is divided by 4.
2
Suppose -203 = -2*h - 161. What is the remainder when 165 is divided by h?
18
Suppose 74 = 4*u - 74. Suppose 5*d - d - 30 = 2*x, 3*x = 5*d - 39. What is the remainder when d + (1 - 4) + -2 + 146 is divided by u?
36
Let a = 166 - -206. Calculate the remainder when a is divided by 75.
72
Suppose 3*q - 2*q - 28 = 0. What is the remainder when q is divided by 10?
8
Let v(d) = -3*d - 36. What is the remainder when 660 is divided by v(-29)?
48
Let l be 4/6 - (-70)/(-6). Let j = l + 11. Suppose n - 12 = -j*n. Calculate the remainder when 45 is divided by n.
9
Suppose 4*h + 2*b = h + 76, 5*b + 62 = 3*h. Calculate the remainder when 47 is divided by (54/h)/((-105)/(-48) + -2).
11
Suppose 5*g + 5*g = 30. Let p = 8 - 6. Calculate the remainder when g is divided by p.
1
Let u(i) = -5*i + 286. What is the remainder when 183 is divided by u(51)?
28
Let s(r) = -27*r - 915. Suppose 7 = 2*p - 5*l - 19, 5*p + l - 11 = 0. Calculate the remainder when p is divided by s(-34).
0
Let j(y) = y**3 + 3*y**2 + 4*y + 6. Let w be j(-4). Calculate the remainder when 39/w - (-121)/2 is divided by 12.
11
What is the remainder when (4 - 40/16)/((-6)/(-3340)) is divided by 278?
1
Suppose -3*s = 4*m - 263, -410 = -5*s + m - 2*m. What is the remainder when s is divided by 105*20/50 + 1?
38
What is the remainder when 45 is divided by 918/54 + (-1 - (-1 + 1))?
13
Let t = 881 + -862. Calculate the remainder when 246 is divided by t.
18
What is the remainder when (2/(-4))/(5/(-80)) is divided by 3?
2
Suppose -4*w = -7*w + 24. Let y(x) = x**3 - 9*x**2 + 4*x + 3. Let u be y(8). Let n = -24 - u. What is the remainder when w is divided by n?
3
Let y(g) = 32*g - 229. What is the remainder when 208 is divided by y(8)?
19
Let w = 22 - -14. Let d = w - -3. What is the remainder when d is divided by 10?
9
Suppose 0 = 4*o + 5*f - 464, -f - 94 = 4*o - 574. Let p = -37 + 78. What is the remainder when o is divided by p?
39
Let q be (-9)/4 - 6/8. Let v(r) = -3*r**3 - 2*r**2 + 5*r + 2. Calculate the remainder when v(q) is divided by (5/10*1)/(1/26).
11
Let i be (-4)/(-10) + (-130)/(-50). Calculate the remainder when (3 + 6)/i + 138 is divided by 18.
15
Let n be -2*(-30 - (-3 - -4)). Let q = -3 + n. Calculate the remainder when q is divided by ((-138)/(-18) + -1)/(1/3).
19
What is the remainder when 205 is divided by (63/(-90) + 6/5)*218?
96
Suppose 5*i = 3*v + 5 - 92, -5*v + 5*i + 145 = 0. What is the remainder when v is divided by 17?
12
Let o(c) = -903*c**3 - 2*c**2 + 2*c - 1. Let v be o(1). Calculate the remainder when v/(-18) - 2/9 is divided by 19.
12
Let t = 1056 + -1041. Let h = 1 + -1. Suppose -2*f + 16 = -h*f. What is the remainder when t is divided by f?
7
Suppose -4*g + g = -5*p, 3*p = 2*g. Let c(h) = 2*h + 11. Calculate the remainder when 27 is divided by c(p).
5
Suppose -6*t + t - 230 = 0. What is the remainder when (t - (3 + -3))*-1 is divided by 24?
22
Suppose -6*f - 3*j = -4*f - 12, -5*f = -j - 13. Suppose -f*y + 50 = 2*y. Let t = 67 - 39. Calculate the remainder when t is divided by y.
8
Suppose 8*y = 4*y. Let u be y + (0 - (-1 - 2)). Suppose 5*r - 77 = -u*a, 10*a = 5*a + 3*r + 83. Calculate the remainder when 35 is divided by a.
16
Let h = 17 + -12. Suppose 0 = h*c - 173 - 157. Suppose -6*f + 2*f = 3*p - c, -3*p = 2*f - 36. Calculate the remainder when f is divided by 6.
3
Suppose 4*k - 4*h - 8 = 0, k = h + h. What is the remainder when ((-2)/(-2))/((-2)/(-18)) is divided by k?
1
Calculate the remainder when 197 + (-6)/(8/(-8)) is divided by 55.
38
Let s = 23 + -23. Suppose s = -6*g + 2*g + 20. Calculate the remainder when 19 is divided by g.
4
Let q be 1*((-16)/(-24) - 2/3). Let m = 1 + -1. Suppose m = 4*n - q*n - 84. What is the remainder when 39 is divided by n?
18
Let h be -5*(-4)/20*(-4)/(-2). Suppose 3*u + 2*q - 47 = q, h*q - 30 = -2*u. Calculate the remainder when 63 is divided by u.
15
Suppose -4*b = b - 1210. Calculate the remainder when b is divided by (56/32)/(1/20).
32
Let v(y) = y**3 - 11*y**2 + 7*y + 2. Suppose 13 = 2*l - 7. Let p be v(l). Let n = p + 37. What is the remainder when n is divided by 5?
4
Let p(z) = z**2 - 5*z + 37. What is the remainder when 73 is divided by p(0)?
36
Let g = -715 + 735. What is the remainder when g is divided by 12?
8
Suppose -8943 - 37698 = -21*k. Calculate the remainder when k is divided by 19.
17
Let g = -17 + 32. Let q = g + -11. Suppose -q*i = -66 - 50. Calculate the remainder when 114 is divided by i.
27
Let f be 22/(3/1 + -4). Let b = f - -26. Suppose -z + 30 = l, -z + 5*l + 180 = b*z. What is the remainder when z is divided by 12?
9
Let w = 947 - 887. Calculate the remainder when 118 is divided by w.
58
Let q(r) = -r**3 + 10*r**2 - 8*r + 5. Let s be q(4). Let c = s - 63. Calculate the remainder when 9 is divided by c.
3
Suppose 2*x - 572 = 2*j, 0 = -4*j + 3*j + 5. Suppose -3*r = 5*q - 373, 8*q - 5*r = 4*q + x. Calculate the remainder when q is divided by 19.
17
Suppose 192*b = 188*b + 1240. What is the remainder when b is divided by 78?
76
Suppose 0 = 10*n + 67 - 197. What is the remainder when 116 is divided by n?
12
Suppose 29*n - 33*n - 2*p + 86 = 0, 4*n - 5*p - 121 = 0. Calculate the remainder when 95 is divided by n.
23
Let f(n) = n**3 + 22*n**2 + 19*n + 31. Calculate the remainder when 654 is divided by f(-21).
70
Suppose j + 4*z = 5*j - 16, 0 = 2*z - 6. Suppose -12*l = -j*l - 45. Let c = -1 + l. What is the remainder when 23 is divided by c?
7
Let g be 31*(-3 - 12/(-3)). Let a = 28 + g. What is the remainder when a is divided by 31?
28
Let d = 87 - 70. Calculate the remainder when 45 is divided by d.
11
Let h(a) be the third derivative of -a**6/120 - a**5/12 + 7*a**4/8 - 4*a**3/3 + 7*a**2. Calculate the remainder when h(-9) is divided by 26.
23
Suppose 7*c = 32*c - 3000. What is the remainder when c is divided by 21?
15
What is the remainder when (-3 - (6 - 301/35))*-240 is divided by 26?
18
Suppose -3*r + 69 = 39. What is the remainder when 32 is divided by r?
2
Suppose 0 = -q - 4 + 6. Suppose -l - 1 = -2*l, 0 = -q*g - 3*l + 47. What is the remainder when g is divided by 9?
4
Suppose 451 + 143 = 4*w + t, -5*t - 730 = -5*w. Calculate the remainder when w is divided by 51.
46
Suppose 2*o + o + x = 925, 4*o - 1244 = -4*x. Let n be (-2*(-27)/(-12))/(3/120). Let f = o + n. What is the remainder when f is divided by 32?
31
Let n = -4 + 5. Suppose 3*j - 28 = -n. Calculate the remainder when j is divided by 4.
1
What is the remainder when 2205 is divided by ((-3315)/(-24) - 0) + (-44)/352?
135
Calculate the remainder when 460 is divided by ((-28)/9)/((-2)/9).
12
Let z(c) = c**3 - 5*c**2 + 2*c + 4. Let l be z(5). Let p = -4 + l. Calculate the remainder when 27 is divided by p.
7
Suppose 0 = -7*b + 2*b + 5, -4*n - 3*b + 511 = 0. Let c be 8/12 - 2775/(-9). Suppose -n - c = -4*m. What is the remainder when m is divided by 28?
25
Suppose -2*t + 195 = t. Suppose -5*u + 13*j - 10*j = -87, -u = -4*j - 14. What is the remainder when t is divided by u?
11
Let j = -28 - -30. Let v be 4/(-7)*(-14 - -7). What is the remainder when (j*-5)/((-2)/v) is divided by 8?
4
Calculate the remainder when 49/((-10)/100*-2) is divided by 8.
5
Suppose -4*q + 418 = -470. Suppose 2*x + 5*u + 107 = 0, -5*x = -5*u + q - 42. Let s = x + 74. Calculate the remainder when s is divided by 17.
16
Let x = -38 + 65. Suppose 0*l + 219 = 2*f - 3*l, -5*l + 3